f d and s?
10
Suppose -2*x + 2 = -5*d - 0, -56 = -4*x - 3*d. Let t(w) = -w**2 - 33*w - 35. Let n be t(-22). Let h = n + -119. Calculate the highest common divisor of h and x.
11
Let q = 161 + -51. Suppose -199 = -6*y + 65. Calculate the greatest common factor of q and y.
22
Let h(t) = -6*t + 60. Let z be h(8). What is the highest common divisor of z and 16?
4
Let j = 12178 + -12157. Let a be 2/(-6) + 10/3. Calculate the greatest common factor of j and a.
3
Let s(a) = -a + 7. Let z be s(-7). Let c = -425 + 1041. Suppose -2*q = -4*o + c, 3*o - 5*q = 7*o - 616. What is the greatest common factor of o and z?
14
Let j be (-5 + (-152)/12)*-3. Let d = 67 - j. Calculate the greatest common factor of d and 2.
2
Suppose 647*y - 652*y = -320. What is the greatest common divisor of y and 480?
32
Let m(g) = g**3 - 6*g**2 + 4. Let k be m(6). Suppose -k*j + 20 = 2*b, 0*b + 3*b = 4*j. Let a be 3*5/(15/33). What is the greatest common factor of a and j?
3
Suppose 10*x = 12 + 228. Suppose -4*n = -91 - 53. What is the highest common divisor of n and x?
12
Let j be 88/(-16)*(3 + -9). What is the greatest common divisor of j and 88?
11
Suppose -5*v = 4*d - 61, -3*d = -8*d - 5. Calculate the greatest common divisor of v and 1105.
13
Let a be (-104)/39 - 2/(-3). Let p(m) = 2*m**3 - 2*m**2. Let i be p(a). Let n = 27 + i. Calculate the highest common divisor of n and 6.
3
Suppose -5*n + 240 = -60. Suppose 7*w - n = 6*w. What is the greatest common factor of w and 24?
12
Suppose -6*f = -4*s - f + 417, -4*s + 409 = 3*f. Calculate the highest common divisor of 2369 and s.
103
Let f = -801 - -988. What is the greatest common factor of 99 and f?
11
Let n be 2/4 + 865/10. Suppose 225 = 3*t + n. Suppose m - 30 - t = 0. Calculate the greatest common divisor of 19 and m.
19
Suppose -2*t + t - 2*t = 0. Suppose -y - 3 + 10 = t. Calculate the greatest common factor of y and 21.
7
Let d = 1428 + -1416. Calculate the highest common factor of 48 and d.
12
Suppose 18*t = -22*t + 320. Calculate the greatest common factor of 72 and t.
8
Suppose -506 = -14*i + 3036. What is the greatest common divisor of 11 and i?
11
Suppose 98*k - 5625 = -627. What is the highest common divisor of 663 and k?
51
Let i be (-531)/(-4) + 15/60. Calculate the highest common divisor of 19 and i.
19
Suppose 9*u + 9 = 414. Calculate the highest common factor of 5 and u.
5
Let o(a) = -a**3 + 14*a**2 + a + 8. Let s be o(13). What is the greatest common factor of 50 and s?
10
Suppose 0 = -3*u + 39 + 15. Suppose -4*y + 10 + 6 = 0. Suppose -15 = -5*q, y*q - 30 = -3*i + 3*q. What is the greatest common divisor of u and i?
9
Let h = -2 + 1. Let n be -1 + 7 - (-4)/h. Suppose 2*d - d = 4*p + 6, -2*d = n*p - 42. Calculate the highest common divisor of d and 12.
6
Suppose -2*v + 5 = -95. Suppose 4*b + v = 4*o + b, 2*o - b - 24 = 0. What is the greatest common factor of o and 99?
11
Let p = 57 + -52. Calculate the greatest common factor of p and 15.
5
Let h(n) = 8*n + 1. Let k be h(3). Let y(w) = 3*w - 5. Let t be y(9). Let q = t - -103. What is the greatest common divisor of k and q?
25
Let o(i) = -i**2 + 8*i + 12. Let r be o(12). Let s be r/24*56/(-6). Calculate the greatest common factor of 14 and s.
14
Let g be (17/(-2))/((-3)/(-18)). Let o = 137 + g. Let i = o - 53. Calculate the highest common factor of 11 and i.
11
Let h(r) = -r**2 + 19*r - 40. Let p be h(16). Suppose p*t + 64 = 12*t. What is the highest common divisor of 112 and t?
16
Suppose 3*a = -3*j + 5*j + 594, 2*j - 396 = -2*a. Let l(w) = 3*w**2 + 2*w - 3. Let s be l(-3). What is the highest common factor of s and a?
18
Let o(v) = -23*v - 291. Let y be o(-13). What is the greatest common factor of y and 328?
8
Let j(c) = c**2 + 4*c - 10. Let w be j(-6). Suppose -2*x - 33 = -7*x - 3*z, 0 = -w*x - 2*z + 10. What is the highest common divisor of x and 3?
3
Let x(k) = k**2 + 9*k + 4. Let t be x(-9). Suppose -4*y = -d - 42, -t*y + 48 = -d - 3*d. Calculate the greatest common divisor of 90 and y.
10
Let h = -587 - -130. Let d = -270 - h. Calculate the highest common divisor of d and 17.
17
Let j = -24 - -65. Let m be (0 - j*-1) + -2. Suppose 0*u = -5*u + 130. What is the greatest common factor of u and m?
13
Let c be (2 + 51/(-12))*(-8 - -4). What is the highest common divisor of 99 and c?
9
Suppose -272 = -2*u + 4*a, 0 = -10*u + 13*u + 3*a - 444. What is the highest common divisor of u and 24?
24
Let f = 2490 - 2478. What is the highest common factor of f and 111?
3
Let t(v) = -6*v + 194. Let p be t(19). What is the highest common divisor of 30 and p?
10
Let t(a) = 63*a + 455. Let w be t(-7). Let g = -212 + 324. What is the highest common divisor of g and w?
14
Let w(c) = -3*c**3 - 3*c**2 - c + 2. Let x be w(-2). Suppose -1938*f + 1952*f - 112 = 0. Calculate the greatest common divisor of f and x.
8
Suppose 2*f - 15 = 139. What is the greatest common divisor of f and 88?
11
Let a(g) = -8*g + 342. Let h be a(47). Suppose 5*c - 297 = 2*c. Let d = c - h. What is the highest common factor of d and 19?
19
Suppose -4*c = 4*b - 104, c + b - 138 = -4*c. What is the highest common factor of c and 12?
4
Let q(y) = y**2 - 54*y - 225. Let v be q(-4). What is the highest common divisor of v and 945?
7
Let p = 3760 + -1984. Calculate the greatest common divisor of p and 48.
48
Let t(i) = 2*i**2 - 72*i + 57. Let u be t(36). What is the greatest common factor of u and 95?
19
Let r = -931 - -1336. Let a be (-34)/(-51)*270*(-3)/(-12). What is the highest common divisor of r and a?
45
Let t be 0/(-3) + (0 - -42). Let h be 1798/26 - 6/39. Let o = h - 41. Calculate the greatest common factor of t and o.
14
Let j = 69 + -32. Let q = 46 - j. What is the greatest common factor of q and 63?
9
Let d be 3/((-42)/(-4)) + 2264/14. What is the greatest common factor of 18 and d?
18
Let y(v) = -v**2 - 5*v + 16. Let b be y(-7). Suppose 0 = b*l + 15 - 51. Calculate the greatest common factor of 6 and l.
6
Let m = -8 - -39. Suppose 0 = 28*c - 35*c + 1085. What is the greatest common factor of c and m?
31
Suppose 13 = 27*q - 3389. Calculate the highest common factor of q and 18.
18
Let d(f) = -75*f + 695. Let x be d(-31). Calculate the greatest common divisor of 20 and x.
20
Let z(g) = -53*g + 39. Let m be z(-5). What is the highest common divisor of 38 and m?
38
Suppose -4*i - 2*x + 68 = 0, 5*i - 85 = -0*i + x. Suppose 0 = 2*t - 57 + i. Calculate the greatest common divisor of 220 and t.
20
Suppose -4680 = -9*r + 5*r - 4*w, 5*w - 10 = 0. Calculate the highest common factor of r and 16.
16
Let l(j) = j**3 + 17*j**2 + 19*j + 1. Let c be l(-13). What is the greatest common divisor of 10 and c?
10
Suppose -3*a + 4*j + 24 = 0, -3*j - 39 = -a - 3*a. Calculate the greatest common factor of 156 and a.
12
Let l be 2/(-10) + (-49780)/(-25) + -19. Calculate the highest common factor of 136 and l.
68
Let c(l) = l**2 + 16*l + 17. Let s be c(-18). Let h = 121 - s. Calculate the greatest common factor of h and 17.
17
Let s(w) = 3*w**2 + 7*w - 100. Let g be s(7). What is the greatest common divisor of 160 and g?
32
Suppose -30 - 5 = -5*i. What is the highest common factor of 189 and i?
7
Let t = 221 + -125. Let y = 15 + -11. Suppose y*f - 3*a = 48, f - 12 = a - 4*a. What is the greatest common divisor of f and t?
12
Suppose 5*n - 13*q = -16*q + 414, -3*n + 256 = -2*q. Suppose -n = -12*x + 48. What is the greatest common divisor of x and 77?
11
Suppose 4*d + 5*j = 2*j + 11, 0 = 4*d - j - 7. Suppose -5*x + s = 20, x = d*s - 6*s + 17. Let z = x + 19. What is the highest common divisor of 128 and z?
16
Suppose -d = -2*d - 3. Let n be (0 - 1)/(d/(-9)). Let t be ((-20)/n)/((-9)/(-189)). What is the highest common factor of 14 and t?
14
Let d = 921 + -896. Calculate the greatest common factor of 2 and d.
1
Let j = 92 - 85. Suppose h + 2*l - j = 8, 3*h = 2*l + 45. What is the highest common divisor of h and 30?
15
Suppose 38 - 13 = 5*f. Suppose 4*s = 5*r + 106, 0 = 2*s - f*r - 49 - 9. Suppose 0*t + 32 = 4*t. What is the greatest common factor of s and t?
8
Let s be -1 - (1 + -92 + 0). Suppose 24*r = 28*r - 124. Let x = r + -21. Calculate the highest common factor of s and x.
10
Let x(c) = -29*c - 40. Let j be x(-5). What is the greatest common factor of j and 21?
21
Let w be (-2 + 3)/(1/(-51)). Let o be (-34)/w + (